 o*l**2 - 3*l + 4*l + 1. What are the prime factors of r(-2)?
53
Suppose -u + 12*r + 4270 = 15*r, 8573 = 2*u - 5*r. What are the prime factors of u?
11, 389
Let p be (-1)/(-3)*-3*-285. Suppose -4*c - 3*i + p = -6*i, -4*c + 4*i + 288 = 0. What are the prime factors of c?
3, 23
Suppose -11401 = -22*z + 16649. List the prime factors of z.
3, 5, 17
Let o be (449 + 18)*(2 - 1). Let r = 669 - o. Suppose 0 = 4*s + 4*f - 264, s + 2*s - r = -f. List the prime factors of s.
2, 17
Suppose 91375 = -227*i + 244*i. List the prime factors of i.
5, 43
Suppose -4*x = -95 - 601. List the prime factors of x.
2, 3, 29
Let p(w) be the first derivative of -w**2/2 + 9*w + 3. Let i be p(7). Suppose 3*c = -i*n + 29, 3*c = -5*n + 2*c + 40. What are the prime factors of n?
7
Suppose 3*z - 3 - 9 = 0. Suppose -4*b - 8 = 4*a, a = 6*a - 2*b - z. Suppose -x - x + 68 = a. List the prime factors of x.
2, 17
List the prime factors of 771*(-56)/144*-6.
7, 257
Suppose 10*s - 591 = 1279. What are the prime factors of s?
11, 17
Suppose -2309 = -5*f + 631. List the prime factors of f.
2, 3, 7
Suppose 5*w - 1678 = -22*y + 21*y, -4*w + 3380 = 2*y. What are the prime factors of y?
2, 3, 283
Let o = -18 + 26. Suppose 4*v - o*v + 112 = 0. List the prime factors of v.
2, 7
Suppose -3*a + 7918 = 10*j - 5*j, 4*a = -5*j + 7914. What are the prime factors of j?
2, 13, 61
Let j = 15 + -10. Suppose -3*i + 4*t = 106, 0 = -2*i + j*i - 2*t + 110. Let l = 10 - i. List the prime factors of l.
2, 3
Suppose l = 2*t - t + 11, -3*t = 5*l + 1. Let x = t + 66. What are the prime factors of x?
59
Let c be (6 + (-3)/3)/1. Suppose w + 9 = c*t, 2*w - 4 = -2*w. Suppose -3*f = -s - 0*s + 26, -80 = -t*s - f. What are the prime factors of s?
2, 19
What are the prime factors of 3/(-9)*-30 - -3029?
3, 1013
Suppose 839 - 7292 = -27*z. What are the prime factors of z?
239
Let u be (6 - 8 - (1 + 1))/(-2). Suppose -2*h = q + 3*h - 98, -5*q + u*h + 571 = 0. What are the prime factors of q?
113
Suppose -7074 = -2*p + 264. What are the prime factors of p?
3, 1223
Let q(u) = u**2 + u - 1. Let c be 16/(-6) - (-5)/(-15). Let l be q(c). Suppose 64 = -n + l*n. What are the prime factors of n?
2
Let b(n) = -n**3 - 4*n**2 + 5. Suppose -z + 2*z = -4. Let j be b(z). Suppose -j*q - 255 = -4*m, -q + 215 = 3*m - 0*q. What are the prime factors of m?
2, 5, 7
Let l(f) = -f**3 - 14*f**2 - 16*f + 16. Suppose -5*x - 2*w - 67 = 0, 0 = 3*w + 4 - 1. Let i be l(x). Let z = i - 33. List the prime factors of z.
2, 11
Let p be (-40)/10*14/(-8). Suppose p*r = 9*r. Suppose -y - 5*y + 462 = r. What are the prime factors of y?
7, 11
Suppose 5 = 5*j - 4*w - 15, 3*w + 20 = 5*j. Suppose 11 = b + 3*u - u, j*b - 2*u + 6 = 0. What are the prime factors of (-1 + 48/4)/b?
11
Let d(t) = 32*t**2 + 6*t + 100. What are the prime factors of d(-9)?
2, 1319
Let z = 23 + -20. What are the prime factors of (2/z)/(6/414)?
2, 23
Let q(t) = t**2 - 24*t + 77. List the prime factors of q(-21).
2, 7, 73
Let n = 4456 + -855. What are the prime factors of n?
13, 277
Let u(i) = -i**3 + 7*i**2 - 8*i + 4. Let j be u(5). Let r(w) = -15*w - 74. Let t be r(-6). Let f = t - j. What are the prime factors of f?
2
Suppose 3*o - l - l - 1560 = 0, o + 5*l = 520. List the prime factors of o.
2, 5, 13
Suppose -3*w = w - 156. Suppose 1 = -t + w. What are the prime factors of t?
2, 19
Let o = 99 - 100. List the prime factors of (o + 150 - -2)*1.
151
Let k = 162 - -1109. What are the prime factors of k?
31, 41
Let u be 279 + ((-37)/13 - 6/39). Suppose 4*q = 4*p + u, -3*q + 2*p + 92 = -120. List the prime factors of q.
2, 37
Let b be (8/(-10))/(6/105). Let l(v) = -v**3 + 13*v**2 - v + 6. Let h be l(13). Let f = h - b. List the prime factors of f.
7
Suppose 5*r = -2*r - 28. Let l be (-6)/r*80/24. Suppose -2*s + 5*i + 77 = 0, -s - 139 = -l*s + 5*i. List the prime factors of s.
31
Suppose -3*f = -4*f + 5*r + 28, 3*f = 4*r + 84. What are the prime factors of 16/(-4) - (1 - f)?
23
Let w(g) = -1 + 1 + 5*g + 25*g**3 - 24*g**3 - 8*g**2. List the prime factors of w(8).
2, 5
Let q = 10 - 10. Suppose -3*k + 96 = -q*k. Let d = -10 + k. What are the prime factors of d?
2, 11
Let x be (-2)/11 - 24/(-11). Let l = x - -1. Suppose l*r - 36 = c, -5*r + 41 + 19 = 5*c. What are the prime factors of r?
2, 3
Suppose 5 = 3*i + 35. Let m be (-24)/i*10/4. Suppose -d + 2*c + 24 = -m, -2*c + 2 = 0. List the prime factors of d.
2
Suppose -34 = 5*s + 31. Let g = 96 - s. What are the prime factors of g?
109
Let d be (-1)/(-4) + (-79)/(-4). Let r = -18 + d. Suppose -4*w + 121 = 5*q - r, q = 4*w + 39. What are the prime factors of q?
3
Let u(k) = 19 + 9 + 6 - 13 + k**2. Let z(f) = f**3 + 2*f**2 - 2*f + 3. Let x be z(-3). List the prime factors of u(x).
3, 7
List the prime factors of 2*(-8037)/(-54) + (-4)/6.
3, 11
What are the prime factors of (5/(-10))/(-2*2/8120)?
5, 7, 29
Suppose -11562 = -26*m + 14568. List the prime factors of m.
3, 5, 67
Let y = -918 + 1960. What are the prime factors of y?
2, 521
Let p(k) = 5*k + 3. Let n be p(-7). Let q = 43 - n. List the prime factors of q.
3, 5
Let y = 313 - 306. Suppose 5*m = 5*q - 5 - 5, 3*q = 4*m + 9. Let z = y + q. List the prime factors of z.
2, 3
Suppose 2*j - 3*z - 21 = -j, -29 = -2*j + 5*z. Let i(g) = g**3 + 2*g**2 - g + 1. Let d be i(j). Let b = d + -12. List the prime factors of b.
3
Suppose -7*k + 4*u = -3*k - 2248, -3*k + 1684 = -5*u. What are the prime factors of k?
563
Suppose j - 73 = 3*j - q, -q - 193 = 5*j. Let o = 23 + j. What are the prime factors of (-797)/o - 36/270?
53
Let a = 14962 - 10302. What are the prime factors of a?
2, 5, 233
Suppose 0 = 2*w - 4*g - 34 + 6, -2*g - 8 = 0. Suppose -3*s - 128 = -w*s - 5*h, 56 = s - 5*h. List the prime factors of s.
2, 23
Suppose 7 + 2 = -3*d. Let x be (d/2)/((-1)/12). Suppose -3*r + 27 = -x. What are the prime factors of r?
3, 5
Let g(f) = 7*f**2 + 8*f + 63. What are the prime factors of g(-9)?
2, 3, 31
Let u(h) = h**2 + 27*h + 77. Let m be u(-21). Let d = m + 64. What are the prime factors of d?
3, 5
Suppose -3*p - 5*k = -8, 5*p - 4*k - 25 = 13. Suppose -p = -5*a + 4. What are the prime factors of -6 + 6/a - -33?
2, 3, 5
Let g be (6/(-5))/(6/20). Let z(p) = -22*p + 27*p - 4 + 2*p**3 + 6*p**2 - p**3. List the prime factors of z(g).
2
Let h be 5/4*68/17. Suppose -t - 105 = -h*z + 182, -2*z = 4*t - 106. What are the prime factors of z?
3, 19
Let c = 13 + -12. Suppose s - 62 = c. What are the prime factors of s?
3, 7
Suppose -3*f + 830 = 5*z, -3*z = -4*f + z + 1128. What are the prime factors of f?
2, 5, 7
Let x be (-6)/(-30) - 38/(-10). Suppose -x*c + 5 = -3. Suppose 20 = -4*l, -c*r + 2*l + 25 = 3*r. What are the prime factors of r?
3
Suppose -422 - 228 = -5*j. Suppose 0 = -53*a + 51*a + j. List the prime factors of a.
5, 13
What are the prime factors of (3 - 6)/((-6)/7080*4)?
3, 5, 59
Suppose 3*o - 4*x - 6653 = -0*x, -10 = 2*x. What are the prime factors of o?
3, 11, 67
Suppose 135738 = 96*m - 370374. List the prime factors of m.
2, 659
Suppose 9*o = -18*o + 2079. List the prime factors of o.
7, 11
Let g(r) be the first derivative of 3/2*r**2 - r**3 - r + 3 + 31/4*r**4. List the prime factors of g(1).
2, 3, 5
Suppose 322 = 2*q - 5*w - 180, -753 = -3*q - 3*w. Let s = q + -174. What are the prime factors of s?
7, 11
List the prime factors of (-14 - -1)*-1*(8 - -53).
13, 61
Let v(g) = g + 3. Let q(j) = 2*j + 4. Let d be q(-6). Let o be v(d). Let p(z) = -12*z - 10. List the prime factors of p(o).
2, 5
Suppose 2 = 3*k - 1. Let p be (k/3)/((-3)/(-252)). Let o = 49 + p. What are the prime factors of o?
7, 11
Suppose 0 = -s, 0 = -38*q + 42*q - s - 3532. What are the prime factors of q?
883
Let z = 388 - -701. What are the prime factors of z?
3, 11
Let q = -2191 - -3523. List the prime factors of (-6)/(-8) - q/(-144).
2, 5
Suppose 4*g = 3*q + 2*q - 214, -2*q + 2*g + 84 = 0. Let x = 206 - q. List the prime factors of x.
2, 5
Suppose 3*d + 3*g = 2*d - 14, 5*g - 70 = 3*d. List the prime factors of (d/25)/(2/(-15)).
2, 3
Let f be 18/14 + (-6)/21. Let s(l) = -2 + f - 4*l + 6*l + 7*l**2. What are the prime factors of s(1)?
2
Let o = -67 + 437. What are the prime factors of o/3 + (-5)/(-60)*-4?
3, 41
Let f be 0 + 0 - (-4 + -1). Suppose 7*d - 4 - 10 = 0. What are the prime factors of 50/f + 4/d?
2, 3
Let w be (-4 + -2)*25/(-30). Sup